{"id":2,"date":"2020-08-06T07:28:36","date_gmt":"2020-08-06T05:28:36","guid":{"rendered":"http:\/\/www.sebcharlier.com\/?page_id=2"},"modified":"2026-04-18T15:26:52","modified_gmt":"2026-04-18T13:26:52","slug":"page-d-exemple","status":"publish","type":"page","link":"http:\/\/www.sebcharlier.com\/","title":{"rendered":"Actu \/ News"},"content":{"rendered":"\n<p>Le programme 2025\/2026<\/p>\n\n\n\n<blockquote class=\"wp-block-quote is-layout-flow wp-block-quote-is-layout-flow\">\n<p>Le dernier \u00e9pisode de la trilogie <strong>Precious Time<\/strong> (commenc\u00e9e il y a pr\u00e8s de deux d\u00e9cennies) : <strong>Pr3-Tm3<\/strong> est l\u00e0 !! Pour vous faire une id\u00e9e un \u00ab\u00a0zapping\u00a0\u00bb audio est disponible dans la rubrique d\u00e9di\u00e9e et vous pouvez naturellement retrouver l&rsquo;album (support physique ainsi que Mp3 et Wav 24bits\/48Khz) en cliquant sur l&rsquo;onglet \u00ab\u00a0Boutique\/shop\u00a0\u00bb.<\/p>\n\n\n\n<p>Le fid\u00e8le comp\u00e8re Nicolas Espinasse, aux manettes depuis le premier \u00e9pisode, n&rsquo;a pas ch\u00f4m\u00e9 pour que nous puissions vous proposer un dernier \u00e9pisode o\u00f9 le son clair de l&rsquo;harmonica se m\u00eale au son \u00ab\u00a0Precious\u00a0\u00bb et aux solo endiabl\u00e9s d&rsquo;une guitare en roue libre (le morceau Eretico serait-il un exorcisme ?). Des envol\u00e9es qui nous l&rsquo;esp\u00e9rons saurons vous toucher. Dix compositions originales et une reprise (Syracuse) pour l&rsquo;\u00e9pisode probablement le plus personnel et immersif des trois. Ainsi donc s&rsquo;ach\u00e8ve la trilogie, un dernier voyage au sein de notre m\u00e9moire en mouvement.<\/p>\n\n\n\n<p>Un nouvel Arkia signature est \u00e9galement disponible pour f\u00eater la sortie de l&rsquo;album. Je suis ravi et tr\u00e8s fier de rejoindre l&rsquo;\u00e9quipe. J\u00e9r\u00f4me et Jean-No\u00ebl m&rsquo;ont pr\u00e9par\u00e9 un mod\u00e8le qui r\u00e9pond \u00e0 un cahier des charges assez strict, certainement exigeant mais dont ils sont coutumiers du fait. L&rsquo;exigence est ind\u00e9niablement leur marque de fabrique, ce qui tranche singuli\u00e8rement avec toutes les marques sur lesquelles j&rsquo;ai jou\u00e9 jusqu&rsquo;\u00e0 pr\u00e9sent. Il s&rsquo;agit d&rsquo;un instrument sans lequel certains traits et phras\u00e9s de l&rsquo;album n&rsquo;auraient certainement pas pu voir le jour. Je vous assure que la jouabilit\u00e9 est incroyable et clairement in\u00e9gal\u00e9e. Et je suis habitu\u00e9 aux Brodur signature qui ne me quittent jamais (le rendu acoustique de ces derniers \u00e9tant lui aussi in\u00e9gal\u00e9&#8230;), c&rsquo;est vous dire le tour de force r\u00e9alis\u00e9 par Arkia. <\/p>\n\n\n\n<p>Laissez-vous tenter, vous ne serez pas d\u00e9\u00e7u !<\/p>\n<cite>Des extraits audio de plusieurs albums sont d&rsquo;ores et d\u00e9j\u00e0 disponibles, ainsi que de nombreuses vid\u00e9os.<\/cite><\/blockquote>\n\n\n\n<p><\/p>\n\n\n\n<h2 class=\"wp-block-heading\" id=\"prochains-concerts\">Prochains Concerts<\/h2>\n\n\n\n<p><\/p>\n\n\n\n<p><strong>09\/02\/2025<\/strong> Yelloworld, Conservatoire de Colombes<\/p>\n\n\n\n<p><strong>25 et 26\/04\/2025<\/strong> Stage Harmonica avec J\u00e9r\u00f4me Peyrelevade, Ass. Harmonica Comt\u00e9, Besan\u00e7on<\/p>\n\n\n\n<p><strong>20\/06\/2025<\/strong> Big Band sous la direction de Bertrand Richard, Conservatoire de Colombes<\/p>\n\n\n\n<p><strong>Du 26\/08 au 28\/08\/2025 <\/strong> Stage Harmonica \u00ab\u00a0Blues et au-del\u00e0\u00a0\u00bb avec J\u00e9r\u00f4me Peyrelevade, Buis-les-Baronnies<\/p>\n\n\n\n<p><strong>Du 29\/08 au 01\/09\/2025 <\/strong> Stage Harmonica Jazz avec J\u00e9r\u00f4me Peyrelevade, Buis-les-Baronnies<\/p>\n\n\n\n<p><strong>12\/09\/2025<\/strong> Yelloworld, Le son de la Terre, Paris<\/p>\n\n\n\n<p><strong>Du 27\/10 au 31\/10<\/strong> Ateliers \u00ab\u00a0initiation \u00e0 l&rsquo;harmonica\u00a0\u00bb avec Yannick Robert, Centre d&rsquo;animation, Paris<\/p>\n\n\n\n<p><strong>10\/01\/2026<\/strong> Yelloworld, Sunset, Paris<\/p>\n\n\n\n<p><strong>Les 10\/04 et 11\/04\/2026 <\/strong> Stage Harmonica avec J\u00e9r\u00f4me Peyrelevade, Ass. Harmonica Comt\u00e9, Besan\u00e7on<\/p>\n\n\n\n<p><strong>16\/10\/2026<\/strong> Yelloworld, Le Son de la Terre, Paris<\/p>\n\n\n\n<p><\/p>\n\n\n\n<p><\/p>\n\n\n\n<p><\/p>\n\n\n\n<p><\/p>\n\n\n\n<p><\/p>\n\n\n\n<p><\/p>\n\n\n\n<p><\/p>\n","protected":false},"excerpt":{"rendered":"<p>Le programme 2025\/2026 Le dernier \u00e9pisode de la trilogie Precious Time (commenc\u00e9e il y a pr\u00e8s de deux d\u00e9cennies) : Pr3-Tm3 est l\u00e0 !! Pour vous faire une id\u00e9e un \u00ab\u00a0zapping\u00a0\u00bb audio est disponible dans la rubrique d\u00e9di\u00e9e et vous pouvez naturellement retrouver l&rsquo;album (support physique ainsi que Mp3 et Wav 24bits\/48Khz) en cliquant sur &hellip; <a href=\"http:\/\/www.sebcharlier.com\/\" class=\"more-link\">Continuer la lecture de <span class=\"screen-reader-text\">Actu \/ News<\/span><\/a><\/p>\n","protected":false},"author":1,"featured_media":0,"parent":0,"menu_order":0,"comment_status":"closed","ping_status":"closed","template":"","meta":{"footnotes":""},"class_list":["post-2","page","type-page","status-publish","hentry"],"_links":{"self":[{"href":"http:\/\/www.sebcharlier.com\/index.php?rest_route=\/wp\/v2\/pages\/2","targetHints":{"allow":["GET"]}}],"collection":[{"href":"http:\/\/www.sebcharlier.com\/index.php?rest_route=\/wp\/v2\/pages"}],"about":[{"href":"http:\/\/www.sebcharlier.com\/index.php?rest_route=\/wp\/v2\/types\/page"}],"author":[{"embeddable":true,"href":"http:\/\/www.sebcharlier.com\/index.php?rest_route=\/wp\/v2\/users\/1"}],"replies":[{"embeddable":true,"href":"http:\/\/www.sebcharlier.com\/index.php?rest_route=%2Fwp%2Fv2%2Fcomments&post=2"}],"version-history":[{"count":70,"href":"http:\/\/www.sebcharlier.com\/index.php?rest_route=\/wp\/v2\/pages\/2\/revisions"}],"predecessor-version":[{"id":369,"href":"http:\/\/www.sebcharlier.com\/index.php?rest_route=\/wp\/v2\/pages\/2\/revisions\/369"}],"wp:attachment":[{"href":"http:\/\/www.sebcharlier.com\/index.php?rest_route=%2Fwp%2Fv2%2Fmedia&parent=2"}],"curies":[{"name":"wp","href":"https:\/\/api.w.org\/{rel}","templated":true}]}}